se 0 = -4*y + g + 131, -4*y - 3*g - 14 = -133. Suppose y = -7*w + 3*w. Let q(z) = z**3 + 7*z**2 - 7*z + 11. What is the units digit of q(w)?
3
Let c(n) = n**3 + n**2 - n + 5. Let i be c(-4). Let z = 24 + i. What is the units digit of (48/z)/(5/(-25))?
6
Suppose -144*n + 147*n - 3006 = 0. What is the hundreds digit of n?
0
Suppose -6*r - 5*m = -r + 395, 0 = 4*r + 5*m + 316. Let c = r + 118. What is the tens digit of c?
3
Let v(n) = 21*n**3 - 9*n**2 + 10*n - 1. What is the hundreds digit of v(4)?
2
Let d = 0 + 3. Let t(f) = -2*f**2 - 16*f - 27. Let n be t(-5). Let j = d + n. What is the units digit of j?
6
Let x = -50 - -61. What is the hundreds digit of x/((-55)/(-1490))*(-1)/(-2)?
1
Let r(d) = d**3 + 3*d + 50. Suppose -2*c + 0*c = 8*c. What is the tens digit of r(c)?
5
Suppose -990 = -0*q + 5*q. Let s = q + 322. Suppose 25 = m - 4*l - 13, 3*m = 2*l + s. What is the tens digit of m?
4
Let u = 2088 - 1175. What is the tens digit of u?
1
Let r = 31 - -65. Suppose 84 = p + p - 4*v, -2*v + r = 2*p. What is the units digit of p?
6
What is the tens digit of ((-435)/2 + (-17 - -22))*-18?
2
Suppose 27 = -j - 8*j. What is the units digit of (1 - (-49)/j)/(1/(-6))?
2
Let g be (39/5)/((-15)/(-75)). Suppose -2*d - 5*k = -3*d + g, 3*d - 97 = 5*k. What is the tens digit of d?
2
Let p(s) = -9*s**2 - 21*s + 69. Let o(y) = -5*y**2 - 10*y + 35. Let d(g) = 11*o(g) - 6*p(g). What is the tens digit of d(12)?
1
Suppose 10*o + 3809 = -2301. Let u = -427 - o. What is the tens digit of u?
8
Let s be (170/6 - 1)*(-594)/(-44). Suppose 416 + s = 5*h. What is the units digit of h?
7
Let u(l) = 7*l + 25. Let w(c) = c**3 - 13*c**2 + 2*c - 12. Let h be w(13). What is the tens digit of u(h)?
2
Suppose 4*y = r + 14, -4*y = -2*r + 2 - 14. Suppose -y*z - 7 = -27. Let l = z - -10. What is the tens digit of l?
1
Let b be 3*(1 - (-77)/3). Let j = -56 + b. Suppose -3*l = -4*l + j. What is the tens digit of l?
2
Suppose -45*s - 14479 + 91474 = 0. What is the tens digit of s?
1
Let u be 20 + -16 + 4*24. Let r = 170 - u. What is the tens digit of r?
7
Let y(t) = 6*t + 4*t**2 + t**2 - 4*t**2. Let z be y(-5). What is the units digit of (-27)/45 + (-33)/z?
6
Let m = -2638 - -3776. What is the hundreds digit of m?
1
Suppose -2*f - 2*p = -3918, 1560 = f + 2*p - 397. What is the hundreds digit of f?
9
What is the hundreds digit of 1902/(-8)*(-580)/87?
5
Let f(l) = -10*l + 11. Let r(p) = 9*p - 10. Let b(z) = 3*f(z) + 4*r(z). Let u be b(2). Suppose 14 = g - u. What is the tens digit of g?
1
Let o = 133 - 234. Let d = 120 + o. What is the tens digit of d?
1
Let h(y) = y - 10. Let j = -17 - -29. Let r be h(j). Let a(l) = 14*l. What is the tens digit of a(r)?
2
What is the thousands digit of (-13649)/(-4) + (-1)/((-32)/56)?
3
Suppose -k + 2*q - 1 - 2 = 0, k + 2*q - 13 = 0. Suppose -k*y + 235 = -0*y. What is the units digit of y?
7
Suppose -y + 39 = -5*r - 35, r = -2*y - 17. Let l be 46/12 + r/(-90). Suppose -3*p - 37 = -l*p - 5*v, v = 4*p - 190. What is the units digit of p?
7
Suppose -157 = -3*x + 956. What is the hundreds digit of x?
3
Suppose -4*u - g = -6*g - 22, -18 = -4*u + 3*g. Suppose -j - 3*k + 18 = 2, 2*j = -u*k + 38. What is the tens digit of j?
2
Let o(z) = 4*z - 1. Suppose 0 = 3*c + 5*k - 49, -c - 18 = -2*c - 2*k. What is the units digit of o(c)?
1
Let f = -43 + 130. Suppose f = -4*a + 315. What is the units digit of a?
7
Let r(h) = 20*h - 17. Let n(w) = w + 1. Let u(x) = 5*n(x) + r(x). What is the units digit of u(6)?
8
Suppose 16*c = 11*c + 4390. What is the tens digit of c?
7
Suppose -3*o = 2*j - 1547, 3854 = 5*j - 7*o + 10*o. What is the tens digit of j?
6
Suppose -5*x + 30 = 5*k, 2*x - 6*x + 20 = 2*k. Suppose k*d = -w + 44, 5*w - 4*d - 91 = 115. What is the tens digit of w?
4
Let w(y) be the first derivative of -y**4 + y**2/2 - 7. Let q be w(-1). Suppose -l = q - 7. What is the units digit of l?
4
What is the units digit of -1 + 3/1*2?
5
Let n = 7 - 5. Suppose n*k = -6, 1008 = -u - 4*u + 4*k. What is the units digit of ((-3)/9)/(4/u)?
7
Suppose -60*t = -61*t + 2. Let l(w) = 79*w - 8. What is the hundreds digit of l(t)?
1
Suppose 3*t + 27 = 3*b, -5*t + 2*b + b - 39 = 0. Let g = 18 + t. What is the tens digit of 1 - (-3)/(g/124)?
3
Let b(m) = 32*m + 80. What is the tens digit of b(18)?
5
Suppose -2*d + 120 = 3*d. Suppose -i = -0*m - 3*m - d, 0 = -4*i - 2*m + 26. What is the units digit of i?
9
Suppose 0 = -7*k + 4*k + 18. Let h(u) = 3*u - k*u - 3 + u. What is the tens digit of h(-13)?
2
Suppose 2*j - 656 - 546 = 0. What is the hundreds digit of j?
6
Let j = 16 - 11. Suppose -j*b = 8 + 97. What is the units digit of (14/b)/((-2)/15)?
5
Let z be 1 + (-4 - -7) + -4. Suppose z = d - 48 - 38. What is the tens digit of d?
8
Let q(f) = f + 12. Let x be q(0). Suppose -2*s - s - 3*l + 36 = 0, -3*s + 3*l + x = 0. What is the units digit of (s/(-12))/(1/(-30))?
0
Suppose 9*a = 4*a + x + 24, 0 = -a - 4*x + 9. Suppose -14 = 3*z - a*z. What is the units digit of z?
7
What is the hundreds digit of 2502 - (-15)/(-2)*20/50?
4
Let u = 13985 + -8835. What is the tens digit of u?
5
Let o(h) = -h + 7 - 1 - 4*h**2 + 2*h**2 + 5*h. Let p be o(-3). What is the tens digit of (-9)/(-3) - (p - 0)?
2
Let s = -1674 - -2543. What is the units digit of s?
9
Suppose -3*h + 125 = 5*y - 252, y - 77 = -h. Suppose -y = -q + 35. What is the hundreds digit of q?
1
Let k be (-2)/((-6)/(-3)) - (-24 + 0). Suppose -3*p + k - 5 = 0. What is the units digit of p?
6
Suppose -4*a - 3*z + 10945 = 0, 2*a - 5476 = z + z. What is the units digit of a?
7
Suppose -440 = 11*r - 7*r. Let w = r - -183. What is the tens digit of w?
7
Suppose 3*i = s - 5, 2*s - 4*i - 18 = -2*i. Suppose s*d = 4*d + 259. What is the tens digit of d?
3
Suppose -56*z = -53*z - 1296. What is the tens digit of z?
3
Suppose 2*s - 3*y + 2*y = 21, -2*y = -2. Suppose -i + 0*j = j - 28, -2*i + 2*j = -64. Let x = i - s. What is the units digit of x?
9
Let u = 19 + -15. Suppose u*n - 3*p - 37 = 0, 5*n - 22 = -4*p + 32. Let v(m) = m**2 - 6*m + 12. What is the units digit of v(n)?
2
Let q = -165 - -633. What is the units digit of q?
8
What is the thousands digit of 1147 - (6/15)/((-6)/(-15))?
1
Let u(r) = r**3 - 3*r**2 + 4*r - 24. Suppose 20*o - 105 = 5*o. What is the units digit of u(o)?
0
Suppose 0 = -5*o + 4 - 29, -r - 5*o - 5 = 0. Suppose -y = 4*y + r. Let h(l) = l**3 + 5*l**2 - 6*l - 6. What is the units digit of h(y)?
4
Let t(u) = -11*u + 5. Let n be 4/(-24) + 34/(-12). Let q be t(n). Suppose 3*w - 9 = -i, -3*i + i + 4*w = -q. What is the units digit of i?
5
Suppose 124 = -4*z + 40. What is the units digit of (18/z)/((-4)/504)?
8
Let x(u) = -76*u - 5. Let g be x(-3). Suppose -35 = -3*w + g. What is the tens digit of w?
8
Let q(z) = -5*z - 4 - 2*z**2 - 9*z + 10*z - 2*z**3. What is the units digit of q(-3)?
4
Let t(q) = 3*q**2 - 6*q + 6. Suppose 20 = -11*y + 15*y. What is the tens digit of t(y)?
5
What is the hundreds digit of (-13 + 816/64)/((-1)/17044)?
2
Let q(m) be the first derivative of -m**5/40 - 7*m**4/24 + 2*m**3/3 + 6. Let x(o) be the third derivative of q(o). What is the units digit of x(-4)?
5
Suppose 6*d - 59*d + 294309 = 0. What is the hundreds digit of d?
5
Let f be (-1)/4 - (-1826)/8. Suppose -2*i = -5*d + 257, 4*d - i + 5*i = f. What is the tens digit of d?
5
Let x = -27 - -16. Let v = x - -11. Suppose v = -d - 5*c + 30, 3*d - 2*c = -7*c + 60. What is the tens digit of d?
1
Suppose 7*y = 2*y + 20. Let j = 83 - y. What is the tens digit of j?
7
Suppose -5*b + 1 + 2 = 4*v, -5*b - 15 = -5*v. What is the units digit of 3249/38 + v/4?
6
Let c = 85 - -697. What is the units digit of c?
2
Let o = 1822 + -493. What is the units digit of o?
9
Suppose 0*o - 82 = -2*o - 4*w, 0 = -2*o - 2*w + 86. Suppose 3*f - 285 = -3*p, 3*f + o = -4*p + 325. What is the units digit of f?
0
Suppose 2*j = -3 + 23. Suppose 3*u + j = 4*c, -2*c + 10 = 5*u - 4*u. Suppose 0 = -l + k + 1, -u*l - l + 8 = -2*k. What is the units digit of l?
6
Let t(o) = -2*o**3 - 3*o**2 - o + 1379. What is the tens digit of t(0)?
7
What is the hundreds digit of 1520/(-114)*2/(8/(-381))?
2
Suppose -6804 = -0*r - 7*r. What is the units digit of r?
2
Suppose 5*k - 5 - 20 = 0. Let h(z) = -z**3 + 7*z**2 + 1. What is the tens digit of h(k)?
5
Let b = 513 + -79. What is the tens digit of b?
3
Let r(n) = 